{"id":231,"date":"2013-02-28T23:35:19","date_gmt":"2013-02-28T21:35:19","guid":{"rendered":"http:\/\/latopeli.net\/?page_id=231"},"modified":"2023-05-04T17:44:22","modified_gmt":"2023-05-04T15:44:22","slug":"association","status":"publish","type":"page","link":"http:\/\/latopeli.net\/?page_id=231","title":{"rendered":"ASSOCIATION"},"content":{"rendered":"<p><span style=\"color: #ff0000;\"><strong>Le Secours Populaire Fran\u00e7ais<\/strong><\/span> est une association \u00e0 but non lucratif r\u00e9gie par la loi de 1901. Elle est reconnue d&rsquo;utilit\u00e9 publique, agr\u00e9e d&rsquo;\u00e9ducation populaire, et association \u00e9ducative compl\u00e9mentaire de l&rsquo;enseignement public.<br><strong>Pr\u00e9sidente <\/strong>: Henriette STEINBERG<br><strong>Coordonn\u00e9es<\/strong><br>9-11 rue Froissart &nbsp;75140 Paris Cedex<br>+33 (0)1 44 78 21 00<br>info@secourspopulaire.fr<\/p>\n<p><strong><span style=\"color: #ff0000;\">La F\u00e9d\u00e9ration D\u00e9partementale du Bas Rhin<\/span><\/strong> est rattach\u00e9e \u00e0 l&rsquo;association nationale Secours Populaire Fran\u00e7ais.<br><strong>Secr\u00e9taire G\u00e9n\u00e9ral<\/strong> : Camille VEGA<br><strong>Coordonn\u00e9es<\/strong><br>5 rue Pierre Henri Lambert 67100 Strasbourg<br>03 88 26 28 91<br>contact@spf67.org<\/p>\n<p><span style=\"color: #ff0000;\"><strong>La Toute Petite Librairie<\/strong><\/span> est une activit\u00e9 de la F\u00e9d\u00e9ration du Bas-Rhin du Secours Populaire Fran\u00e7ais. Anim\u00e9e par un groupe de b\u00e9n\u00e9voles (les Passeurs de Livres et les Tout Petits Libraires), elle a en charge la remise en circulation et la valorisation des dons de livres. Le produit des ventes sert \u00e0 financer les activit\u00e9s de solidarit\u00e9 de l&rsquo;association.<br><strong>Coordonn\u00e9es<\/strong><br>03 88 26 28 91<br>\n<br>contact@spf67.org<br>latopeli@spf67.org<br>www.latopeli.net<\/p>\n<p><span style=\"color: #ff00ff;\"><a style=\"color: #ff00ff;\" href=\"http:\/\/latopeli.net\/\"><strong>RETOUR ACCUEIL<\/strong><\/a><\/span><\/p>\n\n\n<p><\/p>\n","protected":false},"excerpt":{"rendered":"<p>Le Secours Populaire Fran\u00e7ais est une association \u00e0 but non lucratif r\u00e9gie par la loi de 1901. Elle est reconnue d&rsquo;utilit\u00e9 publique, agr\u00e9e d&rsquo;\u00e9ducation populaire, et association \u00e9ducative compl\u00e9mentaire de l&rsquo;enseignement public.Pr\u00e9sidente : Henriette STEINBERGCoordonn\u00e9es9-11 rue Froissart &nbsp;75140 Paris Cedex+33 (0)1 44 78 21 00info@secourspopulaire.fr La F\u00e9d\u00e9ration D\u00e9partementale du Bas Rhin est rattach\u00e9e \u00e0 l&rsquo;association &hellip; <a href=\"http:\/\/latopeli.net\/?page_id=231\" class=\"more-link\">Continuer la lecture de <span class=\"screen-reader-text\">ASSOCIATION<\/span><\/a><\/p>\n","protected":false},"author":2,"featured_media":0,"parent":0,"menu_order":0,"comment_status":"closed","ping_status":"open","template":"","meta":{"footnotes":""},"class_list":["post-231","page","type-page","status-publish","hentry"],"_links":{"self":[{"href":"http:\/\/latopeli.net\/index.php?rest_route=\/wp\/v2\/pages\/231","targetHints":{"allow":["GET"]}}],"collection":[{"href":"http:\/\/latopeli.net\/index.php?rest_route=\/wp\/v2\/pages"}],"about":[{"href":"http:\/\/latopeli.net\/index.php?rest_route=\/wp\/v2\/types\/page"}],"author":[{"embeddable":true,"href":"http:\/\/latopeli.net\/index.php?rest_route=\/wp\/v2\/users\/2"}],"replies":[{"embeddable":true,"href":"http:\/\/latopeli.net\/index.php?rest_route=%2Fwp%2Fv2%2Fcomments&post=231"}],"version-history":[{"count":24,"href":"http:\/\/latopeli.net\/index.php?rest_route=\/wp\/v2\/pages\/231\/revisions"}],"predecessor-version":[{"id":2941,"href":"http:\/\/latopeli.net\/index.php?rest_route=\/wp\/v2\/pages\/231\/revisions\/2941"}],"wp:attachment":[{"href":"http:\/\/latopeli.net\/index.php?rest_route=%2Fwp%2Fv2%2Fmedia&parent=231"}],"curies":[{"name":"wp","href":"https:\/\/api.w.org\/{rel}","templated":true}]}}